. Let v(c) = 3 - 2 + g*c - c + 2. Let t(n) = n**2 + 2*n + 2. Let j be t(-2). Calculate v(j).
1
Let t(b) = -2*b**3 + b**2 + 8*b + 1. Let v(j) = 5*j**3 - 2*j**2 - 17*j - 2. Let m(q) = -13*t(q) - 6*v(q). Determine m(-1).
4
Suppose -3*o = -5*p + 3, 0 - 5 = p - 2*o. Let l(n) = n - 1. What is l(p)?
2
Let j(u) = -u - 5. Suppose 13 = 4*a - 5*g - 2, -3 = 3*a + g. Suppose 0 = -a*l + 2*l. Suppose l = -5*s - 5*i - 40, s - 2*s + i + 2 = 0. What is j(s)?
-2
Let o(p) = -2*p + 3. Suppose -2*n - 13 = -7. Give o(n).
9
Let j(n) = 2*n**3 + 2*n**2 - 2*n. Suppose 0 = -3*q - 14 - 13. Let w be (-6)/q + (-5)/3. Let v be w + 2 + (-3 - 0). Give j(v).
-4
Let l(o) = 44*o + 2 + 1 - 48*o. Give l(5).
-17
Let a = 38 - 34. Let y(g) = g**3 - 3*g**2 - 3. Give y(a).
13
Let s(i) = -4*i + 0*i - 3 - 6*i - 2*i**2. Let m(g) = -g**2 - 5*g - 2. Let x(u) = -5*m(u) + 3*s(u). Let r = 5 - 9. Give x(r).
5
Let v(p) = -p**2 + 1. Let y be v(1). Let u(h) be the third derivative of 1/60*h**5 - h**2 + 0 + y*h - 7/24*h**4 + h**3. What is u(4)?
-6
Let l = 3 + -7. Let o = 0 + l. Let h(w) = -3*w - 4. What is h(o)?
8
Let p(y) be the first derivative of -1 + 0*y + 0*y**2 + 5/3*y**3. Calculate p(-1).
5
Let z(j) be the first derivative of 2/3*j**3 + 0*j**2 + 2 + 2*j - 1/2*j**4. Determine z(2).
-6
Let b be (12/15)/((-2)/15). Let u = 5 - 3. Let p(w) = -2*w + 3*w + 2*w + 4 - u*w. Give p(b).
-2
Let p(d) = -1 + 4 + 0 + 8*d - 2. Let r be p(2). Suppose 3*f + 4*y - r = 0, -2*f - 6*y + 16 = -y. Let u(z) = z**2 - z - 2. Give u(f).
4
Let r = 3 - 4. Let v be ((-1)/r)/(-1 + 0). Let a be v*1/(3 + -2). Let l(w) = -w**2 + 2*w + 1. What is l(a)?
-2
Let z(i) be the third derivative of i**4/8 + i**3 - i**2. Let p = 429 + -435. Determine z(p).
-12
Suppose 24 = 5*n + 3*g, -4*n + 0*n + 27 = 5*g. Let p(c) = 3*c + 2 - 5*c - n + 3*c. Give p(6).
5
Let c(w) be the second derivative of -w**2 + 0 - 1/2*w**3 - 1/6*w**4 - 1/20*w**5 + w. Suppose -4 = u - 2*u, 0 = f + 5*u - 18. Give c(f).
4
Let g(h) = h. Suppose 5*t + 6 + 4 = 0, -t = -2*p - 12. Let w(y) = -y**2 - 8*y - 6. Let d be w(p). Determine g(d).
1
Let r = -1 - 1. Let i be ((-3)/r)/((-3)/(-8)). Let v(o) = 3 - 4 + 2*o - o**2 + 4. What is v(i)?
-5
Let s(v) = -v + 16. Let c be s(13). Let h(g) = -g + 1. Calculate h(c).
-2
Let x be (-1 + 2)/(1/(-5)). Let w(j) = -j**3 - 6*j**2 + 5*j. Let a(u) = u**3 + 6*u**2 - 4*u - 1. Let l(d) = 6*a(d) + 5*w(d). What is l(x)?
14
Let f(d) = -5*d**3 + 14*d**2 + 6*d - 3. Let p(n) = -2*n**3 + 5*n**2 + 2*n - 1. Let k(r) = 6*f(r) - 17*p(r). Determine k(1).
4
Suppose -h + 4*h = -3. Let o(a) be the first derivative of a**4 + a**3/3 + a**2/2 - 2. Give o(h).
-4
Let f = -24 + 20. Let g(r) = 3 + 2*r**2 - 4*r - 2*r**2 - r**2. Give g(f).
3
Let j(s) = s**2 - 9*s + 8. Let l be j(8). Suppose l = 6*c - 4*c + 6. Let k(o) be the second derivative of -o**3/6 + o. What is k(c)?
3
Let w(q) be the first derivative of q**2 - 14. Determine w(3).
6
Let q(b) = b**2 - 4*b. Suppose 6*m + 3*t + 5 = 5*m, 0 = -3*m - 5*t - 3. Give q(m).
0
Let o(f) = 3*f**3 + f**2 + f - 1. Let z(b) = -b + 6. Let w(t) = -t**3 - 3*t**2 + 5*t - 1. Let m be w(-4). Let h be m/(-15)*(-1 + 16). Let r be z(h). Give o(r).
4
Let t(c) = -4*c**3 - c + 2. Suppose 0*x + x - 2 = 0. Let f(u) = 3*u**3 - u**2 - 1. Let k(w) = w. Let i be k(3). Let d(l) = i*f(l) + x*t(l). What is d(3)?
-5
Let l(k) = -k**3 - 3*k**2 + 6*k + 10. Let x be l(-4). Suppose b + 1 = p, p + 3 = 2*b + 1. Let d(a) = -4*a + a**2 + 4*a - x - 3*a - b*a. Give d(5).
-7
Let a(m) be the third derivative of -m**4/24 + m**3 - m**2. Suppose -3*y + 2*k + 15 = 3*k, -2*k = 0. Calculate a(y).
1
Let m = 27 + -22. Suppose -2*p = m*p + 49. Let c(w) = w + 2. Determine c(p).
-5
Let s(j) = j**2 - 3*j - 6. Suppose 6*g - 4 = 5*g. Suppose g*w + 5*o - 5 - 32 = 0, 5*w - 4*o = -5. Suppose c - 20 = -w*c. Calculate s(c).
4
Let d be (40/(-60) - (2 + -3))*3. Let u(i) = 16*i**3 + 14*i**2 + 17. Let p(y) = -5*y**3 + 1 + 1 - 5*y**2 - 8. Let o(n) = -17*p(n) - 6*u(n). Determine o(d).
-10
Let q be 1 + 0*(-1)/1. Let h be 1*3 + -2 + 3. Let a(u) = 2*u - 2*u + 1 - h*u. Determine a(q).
-3
Let r(k) be the first derivative of -1/3*k**3 - 6 + 5/2*k**2 + k. Determine r(3).
7
Let m(u) = -2*u - 1. Let t(r) = -r**3 - 7*r**2 + 7*r - 12. Let h be t(-8). Determine m(h).
7
Let u(o) be the third derivative of -o**6/360 + o**5/40 - o**4/12 - o**3/6 - o**2. Let j(s) be the first derivative of u(s). Let z = 8 + -6. Determine j(z).
0
Let j = 8 + -11. Let a(h) = -2*h - 4. Let b be a(j). Suppose b*i + 15 = -5*m, 7*i = 2*m + 2*i + 6. Let s(v) = v**3 + 4*v**2 + 3*v - 2. Determine s(m).
-2
Let n(b) = 6*b - 3. Let p(z) = 13*z - 7. Let j(i) = i + 1. Let c be j(-4). Let a(q) = c*p(q) + 7*n(q). Suppose d + 2 - 4 = 0. What is a(d)?
6
Let a(g) = -g. Let s(r) = 8*r + 2. Let i(t) = -10*a(t) - s(t). What is i(4)?
6
Let m(h) = 3*h - 5. Let z(c) = -7*c + 10. Let f(n) = -9*m(n) - 4*z(n). Let q = -2 - -3. Let t be q + 2 + -1 + -2. Determine f(t).
5
Suppose 0 = -2*x + 3*x - 16. Let l be (4/5)/(x/(-40)). Let s(q) = -q**3 - 3 - 2*q**2 - q**3 + 1. Determine s(l).
6
Let h(k) = -4*k**2 - k + 1. Let n be 0 + 2/(-4)*-16. Let s = -7 + n. What is h(s)?
-4
Let i(j) = 2*j**2 + 19*j + 3. Let r(f) = -f**2 - 9*f - 1. Let s(k) = -6*i(k) - 13*r(k). Calculate s(-4).
-1
Let y(t) = 1 + 4*t + 0*t + 2 + t**2 - 7. Let m(r) = r**2 + 5*r + 3. Let b be m(-2). Calculate y(b).
-7
Let s(u) be the third derivative of 1/12*u**4 + 0 + 1/6*u**3 + 0*u**5 + 2*u**2 - 1/40*u**6 + 0*u. Let p(t) = t**2 + 5*t + 3. Let a be p(-4). What is s(a)?
2
Let v(h) = -2*h + 8. Let o = 16 - 12. Let i be (o + -3)/(3/18). Determine v(i).
-4
Suppose -4*j - 8 = -4. Let m(u) = 9*u - 6. Let v(g) = -10*g + 7. Let p(d) = -7*m(d) - 6*v(d). What is p(j)?
3
Let d(m) = -2 - 3*m**2 - 2*m - m**2 + 2*m**3 + 5*m**2. Suppose j + 36 = 5*j. Suppose j = -5*h - 1. Calculate d(h).
-10
Let d(j) = -4*j + 4. Let z(t) = -7*t + 8. Let s(i) = 5*d(i) - 3*z(i). Let n(c) = -c + 4. Let k be n(-2). Give s(k).
2
Suppose 0*s = -4*s + y + 4, 5*y = 2*s - 20. Let c(b) = b**3 - 16. Calculate c(s).
-16
Let v be (0 - -3)/((-6)/(-8)). Let i be -1 - -3 - 1*2. Let m(f) = i*f**2 + 2*f**2 + v*f - f**3 + 1 - 2*f. What is m(2)?
5
Let s(f) = -7*f**2 - 2*f + 3. Let x(u) = -15*u**2 - 5*u + 6. Let a(q) = 13*s(q) - 6*x(q). Calculate a(5).
-2
Suppose -f - 2 = 3. Let x = -5 - f. Let j(r) be the first derivative of -r**4/4 - r**3/3 + r**2/2 + 9*r - 1. Calculate j(x).
9
Let u(o) = 20*o**3 + 5*o**2 + 5*o - 7. Let p(k) = -30*k**3 - 8*k**2 - 8*k + 11. Let q(m) = -5*p(m) - 8*u(m). Let h = 25 - 24. Determine q(h).
-9
Suppose -l = 4*l + 5. Let y(s) = 2*s - 1. Let n(i) = 3*i - 1. Let k(x) = 3*n(x) - 4*y(x). Give k(l).
0
Let w(k) = -k**3 - 2*k**2 + k - 1. Let c = -10 + -6. Let s = 25 + c. Suppose 3*l = 6*l + s. Calculate w(l).
5
Let b = -17 + 14. Let y be (3/3)/(b/(-6)). Let k(z) = 2*z + 2. Calculate k(y).
6
Let h be 2 + (3 + 0 + 3)/(-2). Let r(v) = v**2 + 3*v + 1. What is r(h)?
-1
Suppose -x + 10 = -5*c - 3, 2 = 5*x - 4*c. Let l = -8 - x. Let u(y) = -y**3 - 7*y**2 - 7*y - 7. Calculate u(l).
-1
Let a(y) = -y + 1 - 3 + 6. Calculate a(6).
-2
Suppose 3*f + 4*m + 9 = 0, 2*m = 4*f - 2*f + 20. Let q = f + 6. Let n(z) = 5*z**2 + z + 1. Determine n(q).
5
Let n(l) = -l**3 + 6*l**2 + 8*l + 4. Suppose 0 = -5*v + 130 - 95. Give n(v).
11
Let x(k) = k**3 + 11*k**2 + 9*k - 12. Let a be x(-10). Let r(f) be the second derivative of -1/20*f**5 + 3/2*f**2 + 1/2*f**3 + 0 + f + 1/12*f**4. What is r(a)?
9
Let s(j) = 2*j**3 + 2*j**2 + 2*j + 1. Suppose n + 29 = -3*x, 4*n - 24 + 4 = 5*x. Let c = 7 + x. Determine s(c).
-1
Let r be 18/(-27) + 47/3. Suppose 0 = -5*a - r. Let o(y) = y. Give o(a).
-3
Let j(i) be the first derivative of -10*i**3/3 + i + 7. Calculate j(1).
-9
Suppose 5*y + 2*c - 41 = 0, 0 = -3*y + 2*c - 5*c + 30. Let n(r) = -r**2 + 6*r - 2. Give n(y).
-9
Let m(a) = a - 7. Suppose 11*z = 6*z + 30. Calculate m(z).
-1
Let a be (-4)/(-18) - 20/9. Let f(v) = -v**2 - 2*v - 1. Let r(t) = t + 1. Let y(c) = a*f(c) - 3*r(c). Let s be -2*4/(0 - -4). Calculate y(s).
5
Let k(j) = -3 - 3 - 106*j + 103*j + 1. Determine k(-5).
10
Let s(w) = 6 + w - 12 - w - w. Give s(-5).
-1
Let l(w) = 5*w**2 + w. Let b(j) = 1. Let t(c) = -c + 2. Suppose 0 = 7*u - 2*u - 5. Let h(d) = u*t(d) + 2*b(d). Let y be h(5). What is l(y)?
4
Let h(y) = -y**3 - 4*y**2 - 3*y - 4. Let r(x) = -x**3